{"id":8,"date":"2011-03-12T18:57:16","date_gmt":"2011-03-12T18:57:16","guid":{"rendered":"http:\/\/www.x-party.hu\/yk\/diakvallforum\/?page_id=8"},"modified":"2025-12-22T11:42:07","modified_gmt":"2025-12-22T11:42:07","slug":"eloadok","status":"publish","type":"page","link":"http:\/\/www.x-party.hu\/yk\/diakvallforum\/?page_id=8","title":{"rendered":"T\u00e9mak\u00f6r\u00f6k"},"content":{"rendered":"<h3 style=\"text-align: center;\"><strong>T\u00e9mak\u00f6reink az EU-EXPO t\u00e9mak\u00f6reivel rezon\u00e1lnak:<\/strong><br \/>\n<span style=\"color: #0000ff;\"><strong>Innov\u00e1ci\u00f3 * Testkult\u00fara * M\u0171v\u00e9szet * Sz\u00e9ps\u00e9g * Sz\u00f3rakoz\u00e1s<\/strong><\/span><\/h3>\n<p>A tapasztalatainkat, motiv\u00e1ci\u00f3inkat \u00e9s lehet\u0151s\u00e9geinket is figyelembe v\u00e9ve aj\u00e1nljuk az al\u00e1bbi kiemelten fontos t\u00e9mak\u00f6r\u00f6ket. Ezek \u00e1ltal\u00e1nosak, a helysz\u00edn, a rendezv\u00e9ny tov\u00e1bb specializ\u00e1lhatja \u0151ket, illetve m\u00e1s t\u00e9m\u00e1kat is programba illeszthet.<\/p>\n<table border=\"5\" cellspacing=\"2\" cellpadding=\"2\">\n<tbody>\n<tr>\n<td><strong>Sz\u00f3rakoz\u00e1skult\u00fara<br \/>\n<\/strong><strong>Magyarorsz\u00e1gon<\/strong><\/td>\n<td align=\"center\" valign=\"middle\">\n<div style=\"text-align: center;\">k\u00fcl\u00f6n\u00f6s tekintettel a di\u00e1ks\u00e1g norm\u00e1lis, zen\u00e9s, t\u00e1ncos &#8222;bulihelyeire&#8221;, a zombizen\u00e9kkel val\u00f3 manipul\u00e1ci\u00f3k helyett. Ugyancsak fontos a 30 \u00e9v felettiek lehet\u0151s\u00e9geinek vizsg\u00e1lata, a rendezv\u00e9nyek b\u0151v\u00edt\u00e9se, sz\u00ednvonalban \u00e9s mennyis\u00e9gben.<\/div>\n<\/td>\n<\/tr>\n<tr>\n<td valign=\"middle\"><strong>Magyar agyak az informatik\u00e1ban<\/strong><\/td>\n<td style=\"text-align: center;\" valign=\"middle\">hardware-software, internet, honlap-design, kiadv\u00e1nyszerkeszt\u00e9s, kibernetika stb.<\/td>\n<\/tr>\n<tr>\n<td valign=\"middle\"><strong>Nemzetk\u00f6zi \u00e9s EU-s kapcsolatrendszer\u00fcnk<\/strong><\/td>\n<td style=\"text-align: center;\" valign=\"middle\">kommunik\u00e1ci\u00f3, nyelvismeret, fogad\u00f3k\u00e9szs\u00e9g, \u00e9rdekl\u0151d\u00e9s, gyakorlati lehet\u0151s\u00e9geink<\/td>\n<\/tr>\n<tr>\n<td valign=\"middle\"><strong>Eg\u00e9szs\u00e9g-sport turizmus<\/strong><\/td>\n<td style=\"text-align: center;\" valign=\"middle\">testedz\u00e9s, gy\u00f3gyf\u00fcrd\u0151k, rekre\u00e1ci\u00f3, t\u00f6meg \u00e9s \u00e9lsport, amat\u0151r bajnoks\u00e1gok, term\u00e9szetgy\u00f3gy\u00e1szat.<\/td>\n<\/tr>\n<tr>\n<td valign=\"middle\"><strong>Sz\u00e9ps\u00e9g-sz\u00e9ps\u00e9gipar<\/strong><\/td>\n<td align=\"center\" valign=\"middle\">A Sz\u00e9ps\u00e9g Vil\u00e1gnapja X. 14. * Miss \u00cdrisz v\u00e1laszt\u00e1s<\/td>\n<\/tr>\n<tr>\n<td valign=\"middle\"><strong>Rendezv\u00e9nyszervez\u00e9s<\/strong><\/td>\n<td align=\"center\" valign=\"middle\"><strong>EU-EXPO + Klubh\u00e1l\u00f3zat<\/strong><\/td>\n<\/tr>\n<tr>\n<td valign=\"middle\"><strong>Eg\u00e9szs\u00e9g \u00e9s erotika<\/strong><\/td>\n<td align=\"center\" valign=\"middle\">Orsz\u00e1gos Edzetts\u00e9gi Tesztnap * Eur\u00f3pai Rekre\u00e1ci\u00f3s K\u00f6zpontok \u00e9s T\u00e1borok<\/td>\n<\/tr>\n<\/tbody>\n<\/table>\n<p style=\"text-align: center;\"><strong>********A Nagy Szerencs\u00e9nk Napja: 2025-12-29. *******<\/strong><\/p>\n","protected":false},"excerpt":{"rendered":"<p>T\u00e9mak\u00f6reink az EU-EXPO t\u00e9mak\u00f6reivel rezon\u00e1lnak: Innov\u00e1ci\u00f3 * Testkult\u00fara * M\u0171v\u00e9szet * Sz\u00e9ps\u00e9g * Sz\u00f3rakoz\u00e1s A tapasztalatainkat, motiv\u00e1ci\u00f3inkat \u00e9s lehet\u0151s\u00e9geinket is figyelembe v\u00e9ve aj\u00e1nljuk az al\u00e1bbi kiemelten fontos t\u00e9mak\u00f6r\u00f6ket. Ezek \u00e1ltal\u00e1nosak, &hellip; <\/p>\n<p><a href=\"http:\/\/www.x-party.hu\/yk\/diakvallforum\/?page_id=8\" class=\"btn btn-readmore\">Read More <span class=\"screen-reader-text\"> &#8222;T\u00e9mak\u00f6r\u00f6k&#8221;<\/span><\/a><\/p>\n","protected":false},"author":1,"featured_media":0,"parent":219,"menu_order":2,"comment_status":"open","ping_status":"open","template":"","meta":[],"_links":{"self":[{"href":"http:\/\/www.x-party.hu\/yk\/diakvallforum\/index.php?rest_route=\/wp\/v2\/pages\/8"}],"collection":[{"href":"http:\/\/www.x-party.hu\/yk\/diakvallforum\/index.php?rest_route=\/wp\/v2\/pages"}],"about":[{"href":"http:\/\/www.x-party.hu\/yk\/diakvallforum\/index.php?rest_route=\/wp\/v2\/types\/page"}],"author":[{"embeddable":true,"href":"http:\/\/www.x-party.hu\/yk\/diakvallforum\/index.php?rest_route=\/wp\/v2\/users\/1"}],"replies":[{"embeddable":true,"href":"http:\/\/www.x-party.hu\/yk\/diakvallforum\/index.php?rest_route=%2Fwp%2Fv2%2Fcomments&post=8"}],"version-history":[{"count":32,"href":"http:\/\/www.x-party.hu\/yk\/diakvallforum\/index.php?rest_route=\/wp\/v2\/pages\/8\/revisions"}],"predecessor-version":[{"id":3345,"href":"http:\/\/www.x-party.hu\/yk\/diakvallforum\/index.php?rest_route=\/wp\/v2\/pages\/8\/revisions\/3345"}],"up":[{"embeddable":true,"href":"http:\/\/www.x-party.hu\/yk\/diakvallforum\/index.php?rest_route=\/wp\/v2\/pages\/219"}],"wp:attachment":[{"href":"http:\/\/www.x-party.hu\/yk\/diakvallforum\/index.php?rest_route=%2Fwp%2Fv2%2Fmedia&parent=8"}],"curies":[{"name":"wp","href":"https:\/\/api.w.org\/{rel}","templated":true}]}}