{"id":277,"date":"2012-06-13T09:17:48","date_gmt":"2012-06-13T09:17:48","guid":{"rendered":"http:\/\/www.x-party.hu\/yk\/diakvallforum\/?page_id=277"},"modified":"2013-11-03T16:25:05","modified_gmt":"2013-11-03T16:25:05","slug":"elodontok","status":"publish","type":"page","link":"http:\/\/www.x-party.hu\/yk\/diakvallforum\/?page_id=277","title":{"rendered":"MIV El\u0151d\u00f6nt\u0151k"},"content":{"rendered":"<p style=\"text-align: center;\"><strong>A Miss \u00cdrisz v\u00e1laszt\u00e1s el\u0151d\u00f6nt\u0151i 2013-ban<\/strong><\/p>\n<p style=\"text-align: center;\"><a href=\"http:\/\/www.x-party.hu\/yk\/diakvallforum\/wp-content\/uploads\/2012\/06\/miv-laharo-13-06-21.jpg\"><img decoding=\"async\" loading=\"lazy\" class=\"aligncenter  wp-image-686\" alt=\"miv-laharo-13-06-21\" src=\"http:\/\/www.x-party.hu\/yk\/diakvallforum\/wp-content\/uploads\/2012\/06\/miv-laharo-13-06-21-682x1024.jpg\" width=\"378\" height=\"567\" srcset=\"http:\/\/www.x-party.hu\/yk\/diakvallforum\/wp-content\/uploads\/2012\/06\/miv-laharo-13-06-21-682x1024.jpg 682w, http:\/\/www.x-party.hu\/yk\/diakvallforum\/wp-content\/uploads\/2012\/06\/miv-laharo-13-06-21-200x300.jpg 200w, http:\/\/www.x-party.hu\/yk\/diakvallforum\/wp-content\/uploads\/2012\/06\/miv-laharo-13-06-21.jpg 1181w\" sizes=\"(max-width: 378px) 100vw, 378px\" \/><\/a><\/p>\n<p style=\"text-align: left;\"><span style=\"text-decoration: underline;\"><strong><a href=\"http:\/\/www.x-party.hu\/yk\/diakvallforum\/wp-content\/uploads\/2012\/06\/miv-2012-bnv-a23.jpg\"><img decoding=\"async\" loading=\"lazy\" class=\"alignleft size-medium wp-image-413\" title=\"miv-2012-bnv-a2\" alt=\"\" src=\"http:\/\/www.x-party.hu\/yk\/diakvallforum\/wp-content\/uploads\/2012\/06\/miv-2012-bnv-a23-200x300.jpg\" width=\"200\" height=\"300\" srcset=\"http:\/\/www.x-party.hu\/yk\/diakvallforum\/wp-content\/uploads\/2012\/06\/miv-2012-bnv-a23-200x300.jpg 200w, http:\/\/www.x-party.hu\/yk\/diakvallforum\/wp-content\/uploads\/2012\/06\/miv-2012-bnv-a23-682x1024.jpg 682w, http:\/\/www.x-party.hu\/yk\/diakvallforum\/wp-content\/uploads\/2012\/06\/miv-2012-bnv-a23.jpg 1181w\" sizes=\"(max-width: 200px) 100vw, 200px\" \/><\/a>Okt\u00f3ber 6. &#8211; BNV Sz\u00e9pe<\/strong><\/span><br \/>\nA Miss \u00cdrisz v\u00e1laszt\u00e1s klasszikus B\u00f3nusz-fordul\u00f3jak\u00e9nt m\u00e1r az \u00f6t\u00f6dik alkalommal szervezz\u00fck meg a BNV Sz\u00e9pe v\u00e1laszt\u00e1st. A szab\u00e1lyok \u00e9rtelm\u00e9ben a BNV-n ki\u00e1ll\u00edt\u00f3 pavilonokban dolgoz\u00f3 hoszteszek, asszisztensek indulhatnak a sz\u00e9ps\u00e9gversenyen. A gy\u0151ztes bejut a Miss \u00cdrisz d\u00f6nt\u0151j\u00e9be, ami A Sz\u00e9ps\u00e9g Vil\u00e1gnapj\u00e1n, okt\u00f3ber 14-\u00e9n lesz.<\/p>\n<p>&nbsp;<\/p>\n<p>&nbsp;<\/p>\n<p>&nbsp;<\/p>\n<p style=\"text-align: center;\">***<\/p>\n<p><strong><span style=\"text-decoration: underline;\"><a href=\"http:\/\/www.x-party.hu\/yk\/diakvallforum\/wp-content\/uploads\/2012\/06\/miv-2012-beforeparty.jpg\"><img decoding=\"async\" loading=\"lazy\" class=\"alignleft size-medium wp-image-417\" title=\"miv-2012-beforeparty\" alt=\"\" src=\"http:\/\/www.x-party.hu\/yk\/diakvallforum\/wp-content\/uploads\/2012\/06\/miv-2012-beforeparty-200x300.jpg\" width=\"200\" height=\"300\" srcset=\"http:\/\/www.x-party.hu\/yk\/diakvallforum\/wp-content\/uploads\/2012\/06\/miv-2012-beforeparty-200x300.jpg 200w, http:\/\/www.x-party.hu\/yk\/diakvallforum\/wp-content\/uploads\/2012\/06\/miv-2012-beforeparty-682x1024.jpg 682w, http:\/\/www.x-party.hu\/yk\/diakvallforum\/wp-content\/uploads\/2012\/06\/miv-2012-beforeparty.jpg 1181w\" sizes=\"(max-width: 200px) 100vw, 200px\" \/><\/a>Szeptember 12. &#8211; Before party<\/span><br \/>\n<\/strong>A Sz\u00e9ps\u00e9g Vil\u00e1gnapja (okt. 14.) \u00e9s a BNV (okt. 3-7.) Ezo-sziget el\u0151partija, \u00f6sszevont sajt\u00f3t\u00e1j\u00e9koztat\u00f3ja. 20 \u00f3r\u00e1t\u00f3l a Miss \u00cdrisz v\u00e1laszt\u00e1s el\u0151d\u00f6nt\u0151je.<\/p>\n<p style=\"text-align: center;\">*****<\/p>\n<p style=\"text-align: left;\"><strong style=\"font-size: 13px; line-height: 19.5px;\"><a href=\"http:\/\/www.x-party.hu\/yk\/diakvallforum\/wp-content\/uploads\/2012\/06\/miv-2012-olimpia-plak-121.jpg\"><img decoding=\"async\" loading=\"lazy\" class=\"alignleft size-medium wp-image-419\" title=\"miv-2012-olimpia-plak-12\" alt=\"\" src=\"http:\/\/www.x-party.hu\/yk\/diakvallforum\/wp-content\/uploads\/2012\/06\/miv-2012-olimpia-plak-121-200x300.jpg\" width=\"200\" height=\"300\" srcset=\"http:\/\/www.x-party.hu\/yk\/diakvallforum\/wp-content\/uploads\/2012\/06\/miv-2012-olimpia-plak-121-200x300.jpg 200w, http:\/\/www.x-party.hu\/yk\/diakvallforum\/wp-content\/uploads\/2012\/06\/miv-2012-olimpia-plak-121-682x1024.jpg 682w, http:\/\/www.x-party.hu\/yk\/diakvallforum\/wp-content\/uploads\/2012\/06\/miv-2012-olimpia-plak-121.jpg 1181w\" sizes=\"(max-width: 200px) 100vw, 200px\" \/><\/a>Olimpia Sz\u00e9pe v\u00e1laszt\u00e1s \u00a0-augusztus 4.<br \/>\n<\/strong><span style=\"font-size: 13px; line-height: 19.5px;\">Kiemelten nagy rendezv\u00e9ny.<\/span><\/p>\n<p style=\"text-align: center;\">******<\/p>\n<p style=\"text-align: left;\"><strong><span style=\"text-decoration: underline;\">J\u00falius 5. 20 \u00f3ra &#8211; Emese b\u00e1l<\/span><\/strong><\/p>\n<p>Az Emese f\u0151papn\u0151j\u00e9t v\u00e1lasztjuk meg.<\/p>\n<p>&nbsp;<\/p>\n<p>&nbsp;<\/p>\n","protected":false},"excerpt":{"rendered":"<p>A Miss \u00cdrisz v\u00e1laszt\u00e1s el\u0151d\u00f6nt\u0151i 2013-ban Okt\u00f3ber 6. &#8211; BNV Sz\u00e9pe A Miss \u00cdrisz v\u00e1laszt\u00e1s klasszikus B\u00f3nusz-fordul\u00f3jak\u00e9nt m\u00e1r az \u00f6t\u00f6dik alkalommal szervezz\u00fck meg a BNV Sz\u00e9pe v\u00e1laszt\u00e1st. A szab\u00e1lyok \u00e9rtelm\u00e9ben &hellip; <\/p>\n<p><a href=\"http:\/\/www.x-party.hu\/yk\/diakvallforum\/?page_id=277\" class=\"btn btn-readmore\">Read More <span class=\"screen-reader-text\"> &#8222;MIV El\u0151d\u00f6nt\u0151k&#8221;<\/span><\/a><\/p>\n","protected":false},"author":1,"featured_media":0,"parent":258,"menu_order":0,"comment_status":"closed","ping_status":"open","template":"","meta":[],"_links":{"self":[{"href":"http:\/\/www.x-party.hu\/yk\/diakvallforum\/index.php?rest_route=\/wp\/v2\/pages\/277"}],"collection":[{"href":"http:\/\/www.x-party.hu\/yk\/diakvallforum\/index.php?rest_route=\/wp\/v2\/pages"}],"about":[{"href":"http:\/\/www.x-party.hu\/yk\/diakvallforum\/index.php?rest_route=\/wp\/v2\/types\/page"}],"author":[{"embeddable":true,"href":"http:\/\/www.x-party.hu\/yk\/diakvallforum\/index.php?rest_route=\/wp\/v2\/users\/1"}],"replies":[{"embeddable":true,"href":"http:\/\/www.x-party.hu\/yk\/diakvallforum\/index.php?rest_route=%2Fwp%2Fv2%2Fcomments&post=277"}],"version-history":[{"count":15,"href":"http:\/\/www.x-party.hu\/yk\/diakvallforum\/index.php?rest_route=\/wp\/v2\/pages\/277\/revisions"}],"predecessor-version":[{"id":839,"href":"http:\/\/www.x-party.hu\/yk\/diakvallforum\/index.php?rest_route=\/wp\/v2\/pages\/277\/revisions\/839"}],"up":[{"embeddable":true,"href":"http:\/\/www.x-party.hu\/yk\/diakvallforum\/index.php?rest_route=\/wp\/v2\/pages\/258"}],"wp:attachment":[{"href":"http:\/\/www.x-party.hu\/yk\/diakvallforum\/index.php?rest_route=%2Fwp%2Fv2%2Fmedia&parent=277"}],"curies":[{"name":"wp","href":"https:\/\/api.w.org\/{rel}","templated":true}]}}