{"id":270,"date":"2012-06-13T08:31:19","date_gmt":"2012-06-13T08:31:19","guid":{"rendered":"http:\/\/www.x-party.hu\/yk\/diakvallforum\/?page_id=270"},"modified":"2012-06-13T15:54:31","modified_gmt":"2012-06-13T15:54:31","slug":"forum-a-bnv-en-2011-ben","status":"publish","type":"page","link":"http:\/\/www.x-party.hu\/yk\/diakvallforum\/?page_id=270","title":{"rendered":"3) F\u00f3rum a BNV-\u00e9n 2011-ben"},"content":{"rendered":"<p>Magyarorsz\u00e1g legnagyobb, legrangosabb v\u00e1s\u00e1ra a Budapesti Nemzetk\u00f6zi V\u00e1s\u00e1r. M\u00e1ra kapcsolatgy\u00e1rr\u00e1 \u00e9s \u00e9lm\u00e9nyk\u00f6zpontt\u00e1 v\u00e1lt. \u00c9rdemes teh\u00e1t megbesz\u00e9lni a tov\u00e1bbi lehet\u0151s\u00e9geket, a nemzetk\u00f6zi kapcsolatrendszereket, a ki\u00e1ll\u00edt\u00f3 v\u00e1llalkoz\u00f3k \u00e9s a di\u00e1kok konstrukt\u00edv egy\u00fcttm\u0171k\u00f6d\u00e9si fel\u00fcleteit. Ugyancsak t\u00e9ma lesz a BNV j\u00f6v\u0151k\u00e9p\u00e9nek pozit\u00edvabb\u00e1 t\u00e9tele, valamint a k\u00f6vetkez\u0151 F\u00f3rum (pl. a SPA Wellness Ki\u00e1ll\u00edt\u00e1s, Erotika Expo) megszervez\u00e9se.<\/p>\n<p><strong>A F\u00f3rum megh\u00edv\u00e1sos alapon szervezz\u00fck, okt\u00f3ber 23-\u00e1n, 15 \u00f3rakor, az A\/102 pavilonban.<\/strong><\/p>\n<p>Partnerek jelentkez\u00e9s\u00e9t sz\u00edvesen fogadjuk!<br \/>\n0630-4935804 * y@x-party.hu * Szilv\u00e1sy P\u00e9ter, t\u00e9magazda<\/p>\n<p><strong>Tapasztalat:<\/strong><br \/>\nM\u00e1r az el\u0151k\u00e9sz\u00edt\u00e9s, szervez\u00e9s sor\u00e1n kider\u00fclt, \u00a0hogy mind a di\u00e1kok, mind a v\u00e1llalkoz\u00f3k egyet\u00e9rtenek a F\u00f3rum alapelveivel,\u00e9s lenne v\u00e9lem\u00e9ny\u00fck, javaslatuk, \u00f6tlet\u00fck a f\u00f3rumt\u00e9m\u00e1kkal kapcsolatban.<br \/>\nKifejezetten j\u00f3 kapcsolat\u00e9p\u00edt\u00e9si \u00e9s ismeretszerz\u00e9si platformm\u00e1 v\u00e1lt a F\u00f3rum. A di\u00e1kok nagyon \u00f6r\u00fcltek annak, hogy a v\u00e1llalkoz\u00f3kkal egy\u00fctt lehet konspir\u00e1lniuk, \u00e9s a v\u00e1llalkoz\u00f3knak (ki\u00e1ll\u00edt\u00f3knak, \u00fajs\u00e1g\u00edr\u00f3knak, designereknek) pedig a di\u00e1ks\u00e1g kreativit\u00e1s\u00e1ra lenne nagy sz\u00fcks\u00e9g\u00fck.<br \/>\nA harmadik Di\u00e1kok \u00e9s V\u00e1llalkoz\u00f3k F\u00f3rum\u00e1t a tervezett id\u0151pontban, okt\u00f3ber 23-\u00e1n, a BNV-\u00e9n, az A\/102-es pavilonban szervezt\u00fck meg, a Pr\u00e9mium Hungaricum VIP szalonj\u00e1ban. A jelenl\u00e9v\u0151k t\u00f6b kezdem\u00e9nyez\u00e9st javasoltak: a BNV-\u00e9n projektorok alkalmaz\u00e1sa, hogy a sz\u00ednpadot l\u00e1thass\u00e1k, rekl\u00e1minterj\u00fak k\u00e9sz\u00edt\u00e9se is fontos lenne, valamint olyan programok, mint au on-line m\u00e9dia konferencia, vagy a v\u00e1s\u00e1r sz\u00e9pe, esze \u00e9s ereje, illetve a nemzetk\u00f6zi kapcsolataink fejleszt\u00e9s\u00e9hez kkv konferenci\u00e1k szervez\u00e9se.<\/p>\n<p><strong>A F\u00f3rum v\u00e9g\u00e9n megv\u00e1laszt\u00e1sra ker\u00fclt a BNV Sz\u00e9pe 2011 is, T\u00f3th Nikolett szem\u00e9ly\u00e9ben.<\/strong><\/p>\n<p>A F\u00f3rum r\u00e9sztvev\u0151i kijel\u00f6lt\u00e9k\u00a0<strong>a negyedik<\/strong>\u00a0tan\u00e1cskoz\u00e1st is: a SPA&amp;Wellness Ki\u00e1ll\u00edt\u00e1sok, az Orsz\u00e1gos Edzetts\u00e9gi Tesztnapon\u00a0<strong>november 19-\u00e9n lesz.<\/strong><\/p>\n<p>A f\u00f3rumtagok adatb\u00e1zisa ism\u00e9t b\u0151v\u00fclt konstrukt\u00edv, egy\u00fcttm\u0171k\u00f6d\u0151 tagokkal.<\/p>\n","protected":false},"excerpt":{"rendered":"<p>Magyarorsz\u00e1g legnagyobb, legrangosabb v\u00e1s\u00e1ra a Budapesti Nemzetk\u00f6zi V\u00e1s\u00e1r. M\u00e1ra kapcsolatgy\u00e1rr\u00e1 \u00e9s \u00e9lm\u00e9nyk\u00f6zpontt\u00e1 v\u00e1lt. \u00c9rdemes teh\u00e1t megbesz\u00e9lni a tov\u00e1bbi lehet\u0151s\u00e9geket, a nemzetk\u00f6zi kapcsolatrendszereket, a ki\u00e1ll\u00edt\u00f3 v\u00e1llalkoz\u00f3k \u00e9s a di\u00e1kok konstrukt\u00edv egy\u00fcttm\u0171k\u00f6d\u00e9si &hellip; <\/p>\n<p><a href=\"http:\/\/www.x-party.hu\/yk\/diakvallforum\/?page_id=270\" class=\"btn btn-readmore\">Read More <span class=\"screen-reader-text\"> &#8222;3) F\u00f3rum a BNV-\u00e9n 2011-ben&#8221;<\/span><\/a><\/p>\n","protected":false},"author":1,"featured_media":0,"parent":264,"menu_order":0,"comment_status":"closed","ping_status":"open","template":"","meta":[],"_links":{"self":[{"href":"http:\/\/www.x-party.hu\/yk\/diakvallforum\/index.php?rest_route=\/wp\/v2\/pages\/270"}],"collection":[{"href":"http:\/\/www.x-party.hu\/yk\/diakvallforum\/index.php?rest_route=\/wp\/v2\/pages"}],"about":[{"href":"http:\/\/www.x-party.hu\/yk\/diakvallforum\/index.php?rest_route=\/wp\/v2\/types\/page"}],"author":[{"embeddable":true,"href":"http:\/\/www.x-party.hu\/yk\/diakvallforum\/index.php?rest_route=\/wp\/v2\/users\/1"}],"replies":[{"embeddable":true,"href":"http:\/\/www.x-party.hu\/yk\/diakvallforum\/index.php?rest_route=%2Fwp%2Fv2%2Fcomments&post=270"}],"version-history":[{"count":2,"href":"http:\/\/www.x-party.hu\/yk\/diakvallforum\/index.php?rest_route=\/wp\/v2\/pages\/270\/revisions"}],"predecessor-version":[{"id":286,"href":"http:\/\/www.x-party.hu\/yk\/diakvallforum\/index.php?rest_route=\/wp\/v2\/pages\/270\/revisions\/286"}],"up":[{"embeddable":true,"href":"http:\/\/www.x-party.hu\/yk\/diakvallforum\/index.php?rest_route=\/wp\/v2\/pages\/264"}],"wp:attachment":[{"href":"http:\/\/www.x-party.hu\/yk\/diakvallforum\/index.php?rest_route=%2Fwp%2Fv2%2Fmedia&parent=270"}],"curies":[{"name":"wp","href":"https:\/\/api.w.org\/{rel}","templated":true}]}}